{"id":459,"date":"2021-01-26T18:25:18","date_gmt":"2021-01-26T21:25:18","guid":{"rendered":"http:\/\/mvsconstrutora.com.br\/site\/?page_id=459"},"modified":"2021-05-26T17:31:31","modified_gmt":"2021-05-26T20:31:31","slug":"avaliacao-de-imoveis-pericias-e-laudos-tecnicos","status":"publish","type":"page","link":"https:\/\/mvsconstrutora.com.br\/site\/avaliacao-de-imoveis-pericias-e-laudos-tecnicos\/","title":{"rendered":"Avalia\u00e7\u00e3o de Im\u00f3veis, Per\u00edcias e Laudos T\u00e9cnicos"},"content":{"rendered":"\t\t<div data-elementor-type=\"wp-page\" data-elementor-id=\"459\" class=\"elementor elementor-459\" data-elementor-settings=\"[]\">\n\t\t\t\t\t\t<div class=\"elementor-inner\">\n\t\t\t\t\t\t\t<div class=\"elementor-section-wrap\">\n\t\t\t\t\t\t\t<section class=\"elementor-section elementor-top-section elementor-element elementor-element-64affbc7 elementor-section-height-min-height elementor-section-items-top elementor-section-boxed elementor-section-height-default\" data-id=\"64affbc7\" data-element_type=\"section\" data-settings=\"{&quot;background_background&quot;:&quot;classic&quot;}\">\n\t\t\t\t\t\t\t<div class=\"elementor-background-overlay\"><\/div>\n\t\t\t\t\t\t\t<div class=\"elementor-container elementor-column-gap-default\">\n\t\t\t\t\t\t\t<div class=\"elementor-row\">\n\t\t\t\t\t<div class=\"elementor-column elementor-col-50 elementor-top-column elementor-element elementor-element-4ba055b6\" data-id=\"4ba055b6\" data-element_type=\"column\">\n\t\t\t<div class=\"elementor-column-wrap elementor-element-populated\">\n\t\t\t\t\t\t\t<div class=\"elementor-widget-wrap\">\n\t\t\t\t\t\t<div class=\"elementor-element elementor-element-35f11340 elementor-widget elementor-widget-menu-anchor\" data-id=\"35f11340\" data-element_type=\"widget\" data-widget_type=\"menu-anchor.default\">\n\t\t\t\t<div class=\"elementor-widget-container\">\n\t\t\t\t\t<div id=\"servicos\" class=\"elementor-menu-anchor\"><\/div>\n\t\t\t\t<\/div>\n\t\t\t\t<\/div>\n\t\t\t\t<div class=\"elementor-element elementor-element-224da486 elementor-widget elementor-widget-spacer\" data-id=\"224da486\" data-element_type=\"widget\" data-widget_type=\"spacer.default\">\n\t\t\t\t<div class=\"elementor-widget-container\">\n\t\t\t\t\t<div class=\"elementor-spacer\">\n\t\t\t<div class=\"elementor-spacer-inner\"><\/div>\n\t\t<\/div>\n\t\t\t\t<\/div>\n\t\t\t\t<\/div>\n\t\t\t\t<div class=\"elementor-element elementor-element-17a2614d elementor-widget__width-auto elementor-widget elementor-widget-heading\" data-id=\"17a2614d\" data-element_type=\"widget\" data-widget_type=\"heading.default\">\n\t\t\t\t<div class=\"elementor-widget-container\">\n\t\t\t<h2 class=\"elementor-heading-title elementor-size-default\">Servi\u00e7os<\/h2>\t\t<\/div>\n\t\t\t\t<\/div>\n\t\t\t\t\t\t<\/div>\n\t\t\t\t\t<\/div>\n\t\t<\/div>\n\t\t\t\t<div class=\"elementor-column elementor-col-50 elementor-top-column elementor-element elementor-element-11cd2b48\" data-id=\"11cd2b48\" data-element_type=\"column\">\n\t\t\t<div class=\"elementor-column-wrap elementor-element-populated\">\n\t\t\t\t\t\t\t<div class=\"elementor-widget-wrap\">\n\t\t\t\t\t\t<div class=\"elementor-element elementor-element-718a90b4 elementor-widget elementor-widget-spacer\" data-id=\"718a90b4\" data-element_type=\"widget\" data-widget_type=\"spacer.default\">\n\t\t\t\t<div class=\"elementor-widget-container\">\n\t\t\t\t\t<div class=\"elementor-spacer\">\n\t\t\t<div class=\"elementor-spacer-inner\"><\/div>\n\t\t<\/div>\n\t\t\t\t<\/div>\n\t\t\t\t<\/div>\n\t\t\t\t<section class=\"elementor-section elementor-inner-section elementor-element elementor-element-7eab4ff elementor-section-boxed elementor-section-height-default elementor-section-height-default\" data-id=\"7eab4ff\" data-element_type=\"section\" data-settings=\"{&quot;background_background&quot;:&quot;classic&quot;}\">\n\t\t\t\t\t\t<div class=\"elementor-container elementor-column-gap-default\">\n\t\t\t\t\t\t\t<div class=\"elementor-row\">\n\t\t\t\t\t<div class=\"elementor-column elementor-col-100 elementor-inner-column elementor-element elementor-element-ebf4446\" data-id=\"ebf4446\" data-element_type=\"column\">\n\t\t\t<div class=\"elementor-column-wrap elementor-element-populated\">\n\t\t\t\t\t\t\t<div class=\"elementor-widget-wrap\">\n\t\t\t\t\t\t<div class=\"elementor-element elementor-element-bd8079f elementor-widget elementor-widget-text-editor\" data-id=\"bd8079f\" data-element_type=\"widget\" data-widget_type=\"text-editor.default\">\n\t\t\t\t<div class=\"elementor-widget-container\">\n\t\t\t\t\t\t\t\t<div class=\"elementor-text-editor elementor-clearfix\">\n\t\t\t\t\t<h3>Avalia\u00e7\u00e3o de Im\u00f3veis, Per\u00edcias e Laudos T\u00e9cnicos<\/h3><p><img class=\"aligncenter wp-image-1498 size-full\" src=\"https:\/\/mvsconstrutora.com.br\/site\/wp-content\/uploads\/2021\/05\/Avaliacao_Imoveis_page.jpg\" alt=\"\" width=\"600\" srcset=\"https:\/\/mvsconstrutora.com.br\/site\/wp-content\/uploads\/2021\/05\/Avaliacao_Imoveis_page.jpg 626w, https:\/\/mvsconstrutora.com.br\/site\/wp-content\/uploads\/2021\/05\/Avaliacao_Imoveis_page-300x200.jpg 300w\" sizes=\"(max-width: 626px) 100vw, 626px\" \/><\/p><p>Realizamos per\u00edcias e fundamentamos laudos de engenharia para diversas finalidades de acordo com o C\u00f3digo de \u00c9tica Profissional.<\/p><h4>Laudo de Inspe\u00e7\u00e3o Predial em edifica\u00e7\u00f5es residenciais, comerciais e industriais<\/h4><p>\u00c9 um &#8220;check-up&#8221;completo de toda edifica\u00e7\u00e3o para avaliar o seu estado atual de conserva\u00e7\u00e3o, funcionamento e manuten\u00e7\u00e3o. <span style=\"text-decoration: underline;\">Em Salvador esta avalia\u00e7\u00e3o pode ser solicitada pela SUCOM<\/span> &#8211; Superintend\u00eancia de Controle e Ordenamento do Uso do Solo do Munic\u00edpio &#8211; que \u00e9 uma exig\u00eancia da Lei 5.907\/01 que obrigada a realiza\u00e7\u00e3o de inspe\u00e7\u00e3o predial em im\u00f3veis residenciais e comerciais a cada 5 anos por profissionais registrados no CREA e deve ser acompanhada da ART &#8211; Anota\u00e7\u00e3o de Responsabilidade T\u00e9cnica.<\/p><h4>Avalia\u00e7\u00e3o de Im\u00f3veis<\/h4><p>O Laudo de Avalia\u00e7\u00f5es de Im\u00f3veis trata especificamente do valor de mercado dos im\u00f3veis e pode ter entre outros fins\u00a0a garantia de opera\u00e7\u00f5es banc\u00e1rias, compra ou venda de im\u00f3veis, partilha dos bens de uma heran\u00e7a, o c\u00e1lculo de indeniza\u00e7\u00e3o por expropria\u00e7\u00e3o, o financiamento de um im\u00f3vel, o estudo econ\u00f4mico e financeiro de um projeto de investimento, a determina\u00e7\u00e3o do valor para efeitos fiscais.<\/p><p>Para avaliar o im\u00f3vel no valor de mercado, o perito se utiliza de uma metodologia t\u00e9cnica especifica, conforme Norma da ABNT (NBR 14.653-1) que estipula os par\u00e2metros e qual o m\u00e9todo mais adequado para avalia\u00e7\u00e3o do im\u00f3vel.<\/p><h4>Laudo de Recebimento de Obras Novas<\/h4><p>Trate-se de uma vistoria realizada por profissional qualificado e habilitado quando solicitado pelo condom\u00ednio, propriet\u00e1rio ou incorporadora, durante a fase de entrega do im\u00f3vel afim de garantir a qualidade final do empreendimento e evitar futuros conflitos desnecess\u00e1rios. Tem como objetivo verificar as condi\u00e7\u00f5es construtivas de forma a analisar a sua conformidade com projetos, memorial descritivo e demais documentos.<\/p>\t\t\t\t\t<\/div>\n\t\t\t\t\t\t<\/div>\n\t\t\t\t<\/div>\n\t\t\t\t\t\t<\/div>\n\t\t\t\t\t<\/div>\n\t\t<\/div>\n\t\t\t\t\t\t\t\t<\/div>\n\t\t\t\t\t<\/div>\n\t\t<\/section>\n\t\t\t\t<div class=\"elementor-element elementor-element-7be5a1d elementor-align-left elementor-widget elementor-widget-button\" data-id=\"7be5a1d\" data-element_type=\"widget\" data-widget_type=\"button.default\">\n\t\t\t\t<div class=\"elementor-widget-container\">\n\t\t\t\t\t<div class=\"elementor-button-wrapper\">\n\t\t\t<a href=\"https:\/\/mvsconstrutora.com.br\/site\/#servicos\" class=\"elementor-button-link elementor-button elementor-size-sm\" role=\"button\">\n\t\t\t\t\t\t<span class=\"elementor-button-content-wrapper\">\n\t\t\t\t\t\t<span class=\"elementor-button-icon elementor-align-icon-left\">\n\t\t\t\t<i aria-hidden=\"true\" class=\"fas fa-caret-left\"><\/i>\t\t\t<\/span>\n\t\t\t\t\t\t<span class=\"elementor-button-text\">Voltar<\/span>\n\t\t<\/span>\n\t\t\t\t\t<\/a>\n\t\t<\/div>\n\t\t\t\t<\/div>\n\t\t\t\t<\/div>\n\t\t\t\t\t\t<\/div>\n\t\t\t\t\t<\/div>\n\t\t<\/div>\n\t\t\t\t\t\t\t\t<\/div>\n\t\t\t\t\t<\/div>\n\t\t<\/section>\n\t\t\t\t\t\t<\/div>\n\t\t\t\t\t\t<\/div>\n\t\t\t\t\t<\/div>\n\t\t","protected":false},"excerpt":{"rendered":"<p>Servi\u00e7os Avalia\u00e7\u00e3o de Im\u00f3veis, Per\u00edcias e Laudos T\u00e9cnicos Realizamos per\u00edcias e fundamentamos laudos de engenharia para diversas finalidades de acordo com o C\u00f3digo de \u00c9tica Profissional. Laudo de Inspe\u00e7\u00e3o Predial em edifica\u00e7\u00f5es residenciais, comerciais e industriais \u00c9 um &#8220;check-up&#8221;completo de toda edifica\u00e7\u00e3o para avaliar o seu estado atual de conserva\u00e7\u00e3o, funcionamento e manuten\u00e7\u00e3o. Em Salvador&hellip;&nbsp;<a href=\"https:\/\/mvsconstrutora.com.br\/site\/avaliacao-de-imoveis-pericias-e-laudos-tecnicos\/\" class=\"\" rel=\"bookmark\">Continue a ler &raquo;<span class=\"screen-reader-text\">Avalia\u00e7\u00e3o de Im\u00f3veis, Per\u00edcias e Laudos T\u00e9cnicos<\/span><\/a><\/p>\n","protected":false},"author":1,"featured_media":0,"parent":0,"menu_order":0,"comment_status":"closed","ping_status":"closed","template":"","meta":{"neve_meta_sidebar":"full-width","neve_meta_container":"","neve_meta_enable_content_width":"on","neve_meta_content_width":100,"neve_meta_title_alignment":"","neve_meta_author_avatar":"","neve_post_elements_order":"","neve_meta_disable_header":"","neve_meta_disable_footer":"","neve_meta_disable_title":""},"_links":{"self":[{"href":"https:\/\/mvsconstrutora.com.br\/site\/wp-json\/wp\/v2\/pages\/459"}],"collection":[{"href":"https:\/\/mvsconstrutora.com.br\/site\/wp-json\/wp\/v2\/pages"}],"about":[{"href":"https:\/\/mvsconstrutora.com.br\/site\/wp-json\/wp\/v2\/types\/page"}],"author":[{"embeddable":true,"href":"https:\/\/mvsconstrutora.com.br\/site\/wp-json\/wp\/v2\/users\/1"}],"replies":[{"embeddable":true,"href":"https:\/\/mvsconstrutora.com.br\/site\/wp-json\/wp\/v2\/comments?post=459"}],"version-history":[{"count":80,"href":"https:\/\/mvsconstrutora.com.br\/site\/wp-json\/wp\/v2\/pages\/459\/revisions"}],"predecessor-version":[{"id":1516,"href":"https:\/\/mvsconstrutora.com.br\/site\/wp-json\/wp\/v2\/pages\/459\/revisions\/1516"}],"wp:attachment":[{"href":"https:\/\/mvsconstrutora.com.br\/site\/wp-json\/wp\/v2\/media?parent=459"}],"curies":[{"name":"wp","href":"https:\/\/api.w.org\/{rel}","templated":true}]}}